{"id":30,"date":"2022-10-26T13:47:27","date_gmt":"2022-10-26T13:47:27","guid":{"rendered":"http:\/\/www.hilven.fi\/?page_id=30"},"modified":"2023-03-17T16:02:59","modified_gmt":"2023-03-17T14:02:59","slug":"hinnasto","status":"publish","type":"page","link":"https:\/\/www.hilven.fi\/?page_id=30","title":{"rendered":"Hinnasto"},"content":{"rendered":"\n<p><strong>Kotipalvelut<\/strong><\/p>\n\n\n\n<p>Tarjoamme kotipalvelua my\u00f6s arvonlis\u00e4verottomasti, mik\u00e4li toimintakykysi<br>on laskenut korkean i\u00e4n tai sairauden, vamman tai liikuntaesteen vuoksi.<\/p>\n\n\n\n<p>Palvelumme on kotitalousv\u00e4hennyskelpoisia (omavastuu on 100\u20ac\/vuosi\/hl\u00f6)<br>ja verovy\u00f6dyn saa my\u00f6s omille<br>vanhemmille isovanhemmille tai kes\u00e4m\u00f6kille ostetuista palveluista, katso<br>lis\u00e4tietoja <a rel=\"noreferrer noopener\" href=\"https:\/\/www.vero.fi\/henkiloasiakkaat\/verokortti-ja-veroilmoitus\/tulot-ja-vahennykset\/kotitalousvahennys\/taulukko_kysytyimmista_kotitalousvahenn2\/#kotitaloustyo\" data-type=\"URL\" data-id=\"https:\/\/www.vero.fi\/henkiloasiakkaat\/verokortti-ja-veroilmoitus\/tulot-ja-vahennykset\/kotitalousvahennys\/taulukko_kysytyimmista_kotitalousvahenn2\/#kotitaloustyo\" target=\"_blank\">vero.fi<\/a><\/p>\n\n\n\n<figure class=\"wp-block-table is-style-stripes\"><table><tbody><tr><td><strong>Palvelu<\/strong><\/td><td><strong>Kotitalousv\u00e4hennyksen (60%) j\u00e4lkeen<\/strong><\/td><td><strong>ALV 24%<\/strong><\/td><td><strong>ALV 0%<\/strong><\/td><\/tr><tr><td>Asiointipalvelut<\/td><td>16,86 \u20ac\/h<\/td><td>42,16 \u20ac\/h<\/td><td>34,00 \u20ac\/h<\/td><\/tr><tr><td>Kauppapalvelu<\/td><td>16,86 \u20ac\/h<\/td><td>42,16\u20ac\/h<\/td><td>34,00 \u20ac\/h<\/td><\/tr><tr><td>Kotihoito<\/td><td>16,86 \u20ac\/h<\/td><td>42,16\u20ac\/h<\/td><td>34,00 \u20ac\/h<\/td><\/tr><tr><td>Pihaty\u00f6t<\/td><td>15,87 \u20ac\/h<\/td><td>39,68 \u20ac\/h<\/td><td>32,00 \u20ac\/h<\/td><\/tr><tr><td>Siivouspalvelut<\/td><td>17,85 \u20ac\/h<\/td><td>44,64 \u20ac\/h<\/td><td>36,00 \u20ac\/h<\/td><\/tr><tr><td>Ikkunanpesu<\/td><td>19,34 \u20ac\/h<\/td><td>48,36 \u20ac\/h<\/td><td>39,00 \u20ac\/h<\/td><\/tr><\/tbody><\/table><figcaption class=\"wp-element-caption\">Minimik\u00e4yntiaika 0,5h, jolloin hinta on 24,00\u20ac (alv.0%) 29,76\u20ac (alv.24%) 11,90\u20ac (kotitalousv\u00e4hennyksen 60% j\u00e4lkeen). <br>Koskee kotihoitoa sek\u00e4 asiointi- ja kauppapalvelua.<\/figcaption><\/figure>\n\n\n\n<p><strong>Vapaa-ajan vuokrauspalvelut<\/strong><\/p>\n\n\n\n<p>Hinnasto tulossa<\/p>\n","protected":false},"excerpt":{"rendered":"<p>Kotipalvelut Tarjoamme kotipalvelua my\u00f6s arvonlis\u00e4verottomasti, mik\u00e4li toimintakykysion laskenut korkean i\u00e4n tai sairauden, vamman tai liikuntaesteen vuoksi. Palvelumme on kotitalousv\u00e4hennyskelpoisia (omavastuu on 100\u20ac\/vuosi\/hl\u00f6)ja verovy\u00f6dyn saa my\u00f6s omillevanhemmille isovanhemmille tai kes\u00e4m\u00f6kille ostetuista palveluista, katsolis\u00e4tietoja vero.fi Palvelu Kotitalousv\u00e4hennyksen (60%) j\u00e4lkeen ALV 24% ALV 0% Asiointipalvelut 16,86 \u20ac\/h 42,16 \u20ac\/h 34,00 \u20ac\/h Kauppapalvelu 16,86 \u20ac\/h 42,16\u20ac\/h 34,00 \u20ac\/h Kotihoito<\/p><\/div>\n<div class=\"blog-btn\"><a href=\"https:\/\/www.hilven.fi\/?page_id=30\" class=\"home-blog-btn\">Lue lis\u00e4\u00e4<\/a><\/p>\n","protected":false},"author":1,"featured_media":0,"parent":0,"menu_order":0,"comment_status":"closed","ping_status":"closed","template":"","meta":[],"_links":{"self":[{"href":"https:\/\/www.hilven.fi\/index.php?rest_route=\/wp\/v2\/pages\/30"}],"collection":[{"href":"https:\/\/www.hilven.fi\/index.php?rest_route=\/wp\/v2\/pages"}],"about":[{"href":"https:\/\/www.hilven.fi\/index.php?rest_route=\/wp\/v2\/types\/page"}],"author":[{"embeddable":true,"href":"https:\/\/www.hilven.fi\/index.php?rest_route=\/wp\/v2\/users\/1"}],"replies":[{"embeddable":true,"href":"https:\/\/www.hilven.fi\/index.php?rest_route=%2Fwp%2Fv2%2Fcomments&post=30"}],"version-history":[{"count":11,"href":"https:\/\/www.hilven.fi\/index.php?rest_route=\/wp\/v2\/pages\/30\/revisions"}],"predecessor-version":[{"id":333,"href":"https:\/\/www.hilven.fi\/index.php?rest_route=\/wp\/v2\/pages\/30\/revisions\/333"}],"wp:attachment":[{"href":"https:\/\/www.hilven.fi\/index.php?rest_route=%2Fwp%2Fv2%2Fmedia&parent=30"}],"curies":[{"name":"wp","href":"https:\/\/api.w.org\/{rel}","templated":true}]}}